e tens digit of 1/(-1) + 104 + -2?
0
Suppose -3*x = x - 128. Let g = -23 + x. What is the units digit of g?
9
Suppose 4*f - 6*q - 12 = -2*q, -5*q + 17 = 3*f. Let m be 6/f*(-8)/(-3). Suppose 15 = -r - m*u, -40 = -5*r + 3*u - 0*u. What is the units digit of r?
5
Let d = 60 - 38. Suppose -3*p + d = -p. What is the units digit of p?
1
Let k(q) = q**2 - 2*q + 8. What is the units digit of k(-10)?
8
What is the units digit of (-249)/(-18) + (-2)/(-12)?
4
Let l be (2 - (0 + 1))*2. Let r(t) = -6 + 2 + 2*t + t**l - t. What is the tens digit of r(4)?
1
Suppose 2*w = w + 4. Suppose 0 = r - w - 1. Suppose -r*l = -23 - 2. What is the units digit of l?
5
Suppose 0*o - 5*o = -180. What is the tens digit of o?
3
Let v(h) = -19*h - 1. Let l be v(-1). Let w = 9 - l. Let y = 17 + w. What is the units digit of y?
8
Let a = -1 - -8. What is the units digit of a?
7
Let p(h) = 39*h**2 + 3*h - 1. What is the units digit of p(1)?
1
Let h be (8 - 1) + (4 - 6). Let x(o) = o + 1. What is the units digit of x(h)?
6
Let z be 11 - (1 + -1)/(-2). Let b = 19 - z. What is the units digit of b?
8
Suppose -4*g + 915 + 13 = 0. What is the hundreds digit of g?
2
Suppose 0*a - 4*a + 208 = 0. What is the tens digit of a?
5
Suppose -60 + 220 = 5*h. What is the units digit of h?
2
Let m(q) = q**3 + 7*q**2 - 7*q + 11. Let g be m(-8). Suppose g*r - 81 = -3*d, 5*d = 4*r + r + 85. What is the tens digit of d?
2
Suppose -5*g + 130 = -5*w, -2*g + 82 = -0*g + 4*w. What is the units digit of g?
1
Let y be 1 + 2 + -6 + 2. What is the tens digit of (3 + y)/((-2)/(-14))?
1
Let o(h) = 2*h**2 + 6*h - 3. Suppose z + 17 = -4*d, d + 5 = 2*z - 4*d. Let l be o(z). What is the units digit of (l - 7)*6/5?
2
Suppose -173 - 31 = -4*d. What is the tens digit of d?
5
Suppose -2*p - 4*x - 27 + 7 = 0, 10 = -2*x. Suppose p = 2*y - 7*y + 75. What is the units digit of y?
5
Let q = -12 - -18. Suppose q = 2*x - 0. What is the units digit of x?
3
Suppose 4*t = t - 1278. What is the units digit of 6/(-21) - t/21?
0
Suppose 5*f = -13 - 67. Let k = 17 + f. What is the units digit of k?
1
Let p(o) = -67*o - 14. What is the hundreds digit of p(-2)?
1
Let g(n) = 3*n**2 + 4*n + 23. What is the tens digit of g(5)?
1
Let y = 296 + -179. What is the units digit of y?
7
Suppose j = -j. Suppose 12 = 4*d - j*d. Suppose 0 = -d*t + 2 + 7. What is the units digit of t?
3
Suppose 45 = r + f - 5*f, 0 = 4*r - 3*f - 219. What is the tens digit of r?
5
Let a(o) = 6*o**2 - o + 1. Let v = 1 + 0. What is the units digit of a(v)?
6
What is the units digit of 27/(14/(-84) + (-16)/(-42))?
6
Let c = 0 + 0. Suppose c = -2*p + 3 + 1. What is the units digit of p?
2
Let s(l) = -l**3 - 5*l**2 + 6*l + 3. Let d be s(-6). What is the tens digit of 77/d + 3/9?
2
Suppose 0*o + 54 = 3*o. Suppose -c - o = -4*t, 2*t - t - 6 = c. Let u(b) = b**2 - b - 4. What is the units digit of u(t)?
8
Suppose 5*o + 155 = 4*k, k - 2*k + 65 = 4*o. What is the units digit of k?
5
Suppose 10*s = 12*s - 228. What is the tens digit of s?
1
Let z(v) = -2*v**3 - 5*v**2 + 6*v + 7. What is the tens digit of z(-5)?
0
Suppose 5*f - f - 32 = 0. Let o(u) = 11. Let j(z) = -z - 1. Let n(w) = j(w) + o(w). What is the units digit of n(f)?
2
Suppose -f + 86 = -3*h, 61 = 3*f + h - 237. What is the units digit of f?
8
Suppose -17*d - 620 = -22*d. What is the tens digit of d?
2
Suppose 5*p - u + 3 = 0, -2*p + 6 = -p + 2*u. Suppose 2*n - 3*h - 48 = p, 2*h - 3 = 3*n - 70. What is the tens digit of n?
2
Let x(y) = -15*y**2 + 2*y - 3. Let p be x(4). Let g be 4/18 - p/(-45). What is the units digit of 4/(-5)*g/2?
2
Let l(k) = k**2 - 15*k + 22. Let o be l(18). Suppose 5*p - o = 154. What is the tens digit of p?
4
Let v(i) = -22*i - 6. What is the units digit of v(-14)?
2
What is the hundreds digit of (705/2)/(-5)*(1 - 3)?
1
Let p(i) = -i**3 - 3*i**2 - 3*i - 3. Let t = -1 + -2. What is the units digit of p(t)?
6
Let n = 27 - 13. Let o be (-4)/n - 185/(-35). Suppose 0 = o*q - 6*q + 8. What is the units digit of q?
8
Let d(p) = -6*p + 1. Let n be d(-2). Suppose r = 6*r - 140. Let x = r - n. What is the tens digit of x?
1
Let h(b) = b**3 + 4*b**2 + 2. Let q be h(-4). Suppose q*s - 27 = -s. What is the units digit of s?
9
Let g(z) = z - 4. Let y be g(2). Let h(f) = 8*f**2 + 3*f. What is the tens digit of h(y)?
2
Let o = 70 + -38. What is the units digit of o?
2
Let r(u) = -u**3 + 6*u**2 + 6*u + 10. What is the units digit of r(7)?
3
Suppose -5*s = 35 + 10. Let g = 11 - s. Suppose -2*j + 48 = 5*v - 0*v, 0 = -2*v - j + g. What is the units digit of v?
8
What is the tens digit of 10*((0 - -2) + 2)?
4
Suppose 0 = 14*a - 13*a - 138. What is the tens digit of a?
3
Let c = -1 + 2. Let y = 3 - c. Suppose 3*f - 4 = y*f. What is the units digit of f?
4
Let c = -12 - -44. What is the units digit of c?
2
Suppose -13 = l + 2*a - 4, 0 = -a - 1. Let c(z) = 5*z + 2. Let i(h) = -14*h - 5. Let y(k) = -17*c(k) - 6*i(k). What is the units digit of y(l)?
3
Let p(f) = -16*f**3 + f**2 + 3*f + 2. What is the units digit of p(-1)?
6
Let v(y) = y. Let k(g) = g**3 + 7*g**2 - g - 6. Let c be k(-7). What is the units digit of v(c)?
1
Let g = 5 + -2. Suppose -u - g*b = -25, -3*u + 2*b + 0*b = -53. What is the units digit of u?
9
Suppose -3*d = -3*t - 6, -1 + 9 = 2*d - 4*t. Suppose 36 = 2*x - 3*l, 5*x - l + 5*l - 67 = d. What is the tens digit of x?
1
What is the units digit of (-1616)/(-6) + (-12)/(-18)?
0
What is the hundreds digit of 718/7 - (-15)/35?
1
Suppose -k - 5*y + 28 = -0*y, 32 = 3*k + 2*y. Suppose 32 = 3*x + k. What is the units digit of x?
8
What is the units digit of (-3)/(5/((-875)/15))?
5
Let v(y) = y - 5. Let f be v(8). What is the units digit of f - 1 - 0/5?
2
Let k(m) = m**3 + 7*m**2 + 3*m - 13. Let b(h) = -h + 1. Let g(r) = -4*b(r) - k(r). Let i be g(-7). Suppose -i*a + 1 = -a. What is the units digit of a?
1
Let q(f) = -f**3 - 1. What is the tens digit of q(-3)?
2
What is the tens digit of 15 - ((-68)/16 + 4)*0?
1
Let a(l) = l**3 - 6*l**2 + 3. Let c be a(6). Suppose 0*q + y = 2*q - 12, -c*q + 11 = -5*y. Suppose 3*u + 6 = u, 0 = v + 4*u + q. What is the units digit of v?
5
Suppose 26*f = 30*f - 8. Suppose -f*w + 49 = 13. What is the units digit of w?
8
Suppose -5*i - 5*l = -156 - 119, -119 = -2*i - 5*l. What is the units digit of i?
2
Let m(u) be the first derivative of -u**2 - u - 2. Let j be m(3). Let w = -1 - j. What is the units digit of w?
6
Suppose 4 = -2*v - 2. What is the tens digit of (3*-15)/v + 0?
1
Suppose 2*n - n = 0. Suppose n = s - 1 - 1, -2*y = -4*s + 12. What is the units digit of (-2*y/(-4))/(-1)?
1
Suppose -2*y - 26 = -3*y + 2*g, -g = 3*y - 43. Let s be (8/y)/(2/(-20)). Let t(p) = -p**2 - 5*p + 7. What is the units digit of t(s)?
7
Suppose -4*k = -12, 3*q - 4*k = -3*k + 42. What is the tens digit of q?
1
Let f(b) = b + 3. Let a be f(7). Let m be ((-15)/(-6) - 2)*a. Suppose -m*q + 2*n + 17 = -12, -4*q - 4*n = -40. What is the units digit of q?
7
Suppose 2*y - j = -8, 3*j + 16 = -4*y + 2*j. Let p be 14/4 + 6/y. Suppose p*t - 2 = -3*h + 3, -5*t - 5*h + 20 = 0. What is the units digit of t?
7
Suppose d - 4*w + 17 = 0, 0*d - w = 4*d. Let y(b) = -23*b**2 - 3. Let i(a) = -11*a**2 - 2. Let g(q) = 5*i(q) - 3*y(q). What is the tens digit of g(d)?
1
Suppose -4*i + 2 = y, -5*y - i + 0*i + 105 = 0. Suppose -2*t + 2*d = -y, 2*d + 23 = 2*t - d. What is the tens digit of t?
1
Suppose 42 - 2 = -4*m. Let z(c) = c**2 + 10*c + 2. Let v be z(m). Suppose 29 = 3*x + 5*w - v, x = -5*w + 7. What is the tens digit of x?
1
Let u = 192 - 132. What is the units digit of u?
0
Suppose -q + 15 = -5. What is the units digit of q?
0
Let b = -2 + 5. Let g be 1 + (-3 - 0)/b. Suppose g = 4*x - 5*h + 2*h - 9, -4*x + h + 11 = 0. What is the units digit of x?
3
Let u(v) = -v**3 + 12*v**2 - 15*v. What is the tens digit of u(10)?
5
Let p be 380 + (-3)/(-1) + -2. Suppose -5*c - 2*d - p = 536, d - 731 = 4*c. What is the units digit of (-4)/(-14) + c/(-21)?
9
Let h = 8 - 0. Let l = h - 5. Suppose -15 = -5*v - 5*x, -x = -l*v + 12 + 1. What is the units digit of v?
4
Let x = 6 + -5. Suppose 0 = -q - x + 6. Suppose 0*a - 4*g - 35 = -3*a, -q*g - 10 = 3*a. What is the units digit of a?
5
Suppose 0*w + w = 2. Let v be w/(-1) - (-10)/2. Suppose v*r = 15 - 6. What is the units digit of r?
3
Let z(n) = -3*n**3 + 2. Let r be z(-3). Suppose 0